 -2*k = o - n, 2*k - 5*k + 486 = 3*o. Calculate the greatest common divisor of o and 15.
15
Suppose -5*d + 2*r = -29 - 11, -4*r = d + 14. Let w be d/4*8/6. Suppose -w*h + 121 = -h. What is the greatest common factor of h and 11?
11
Let f be 48/84 - (-374)/7 - 0. What is the greatest common factor of 243 and f?
27
Let n be 3/3*(-8)/4. Let v(y) = -15*y - 7. Let u be v(n). Suppose -104*m + 69 = -101*m. What is the highest common divisor of u and m?
23
Suppose -8*v - 473 = -9*v - 5*q, 0 = 4*v - 3*q - 1777. Suppose -16*n - v = -32*n. Calculate the highest common divisor of 1 and n.
1
Suppose -v + 199 = p - 423, -4*v = -4*p - 2504. Calculate the greatest common divisor of v and 3224.
104
Suppose 4042*d = 4083*d - 1640. Calculate the highest common divisor of d and 1985.
5
Suppose -132611 = -88*b + 128513 + 516356. Calculate the greatest common divisor of b and 30.
15
Let t be -10*24/(5 + -11)*(-49)/(-14). Calculate the greatest common factor of t and 160.
20
Let a(z) = -2*z**3 - 20*z**2 + 46 + z**3 + 41*z - 34*z - 24*z. Let x be a(-19). Calculate the highest common factor of x and 64.
8
Let m be (18/(-12) + 3)*128/12. Calculate the greatest common divisor of 20 and m.
4
Let d = -156 - -104. Let y be -5*(d/39)/((-5)/(-9)). Calculate the highest common divisor of y and 30.
6
Let u = 162 + -61. Let l = 301 - u. Calculate the highest common divisor of l and 60.
20
Let o(v) = -126*v - 1755. Let j be o(-14). Suppose -g = -0*g - 26. Let m be -7*(1 - g/14). What is the highest common divisor of j and m?
3
Suppose 0 = 4*c + 39*n - 36*n + 1241, -c + n - 319 = 0. Let m = 323 + c. Calculate the highest common factor of 207 and m.
9
Suppose 5*u - 7437 - 12918 = 0. What is the highest common divisor of 531 and u?
177
Let q be ((-245)/(-14) - -10)*(-37828)/(-35). Calculate the greatest common factor of 154 and q.
154
Let c be -4 - 0 - (-56)/2. Let k = c - 18. Let g = 27 - -15. Calculate the highest common factor of g and k.
6
Let o = 668 + -95. Let u = 611 - o. What is the greatest common divisor of u and 152?
38
Let r = 204 - 186. Suppose -24*g + 17*g = -189. What is the highest common divisor of g and r?
9
Let j(v) = -v**3 - v - 1. Let d(q) = -2*q**3 - 21*q**2 + 21*q + 25. Let r(a) = d(a) - 3*j(a). Let b be r(20). Calculate the highest common divisor of b and 270.
54
Suppose -o + 946 = -g, -1146 + 188 = -o - 5*g. What is the greatest common factor of o and 60?
12
Suppose 7*z - 51*z + 835 = -1717. What is the greatest common divisor of 5162 and z?
58
Suppose 46 = 4*v - g, -3*v - 3*g + 27 = -0*v. Let x = v + 46. Let a = x - 52. What is the greatest common factor of 55 and a?
5
Suppose 128*b + 6101 = 7682 + 10195. Calculate the greatest common factor of b and 11132.
92
Suppose -5*w - 5 = -0. Let r be ((-12)/(-16))/(w/(-348)). Suppose 11*f = 25 + 294. Calculate the highest common factor of f and r.
29
Let b = -3753 - -5164. What is the highest common divisor of 34 and b?
17
Let m = -14926 + 24409. Calculate the highest common factor of 58 and m.
29
Let k be 0 - (3 - 2)*-31. Suppose k*q = 37*q - 132. What is the highest common divisor of 22 and q?
22
Let z = 11151 - 7749. Calculate the greatest common factor of 234 and z.
18
Let y = 123 - 131. Let b(w) = w**2 + 11*w + 9. Let d be b(y). Let g be 1/(-5) + (-1443)/d. What is the highest common factor of g and 6?
6
Let o = 434 - -103. Calculate the greatest common divisor of o and 2327.
179
Let f = -15 + 13. Let a(q) = -39*q - 14. Let g be a(f). What is the greatest common divisor of 128 and g?
64
Let i be 8/(-14) - (-8)/14. Suppose i = 10*w - 11*w + 110. Suppose -26*n + w = -21*n. What is the greatest common divisor of n and 22?
22
Suppose 16*x - 466 - 4318 = 0. Calculate the highest common factor of x and 169.
13
Let i be (-1)/5 + 32/224 + (-1192)/(-35). Suppose 5*u + 399 - 2269 = 0. What is the greatest common factor of u and i?
34
Let k = 14702 + -14485. What is the highest common factor of 224 and k?
7
Let b(l) = -2*l**3 + 110*l**2 + 105. Let i be b(55). Calculate the highest common factor of 378 and i.
21
Suppose -37 = -4*r - 5. Suppose 2*u - r = 0, 2*n - 7*u = -3*u. Suppose 5*s - n = 17. What is the greatest common factor of s and 65?
5
Let w(v) = v + 12. Let c be w(4). Suppose 2*t - 9 = -r - 0*r, 4*t = c. Let y be (6 + 5)*(0 + 7/r). What is the greatest common factor of 7 and y?
7
Suppose 3*m - 15 = -54. Let q(g) = 4*g + 70. Let p be q(m). Let r = -72 - -108. What is the greatest common factor of p and r?
18
Let l = 4 - -10. Let i be (99/(-15) + 9)*-5. Let w be (l/i)/((-13)/78). What is the highest common divisor of w and 14?
7
Suppose 0 = l + 5*x - 1660, 3290 = -4*l + 6*l - 5*x. Suppose l = 8*r - 3*r - 5*f, -2*f = 4. Calculate the greatest common divisor of r and 41.
41
Let k be 30145 - (-15 + 11 + 19). Calculate the highest common divisor of 460 and k.
230
Let h be (-182 - -9)/((-15)/1680). What is the highest common divisor of 112 and h?
112
Let b(f) = f**2 - 2*f + 22. Let o be b(-6). Let n = 74 - o. Calculate the greatest common factor of 3 and n.
1
Let d be 12/(-222) + (-43526)/(-259). What is the highest common divisor of 42 and d?
42
Suppose 118*u + 128*u - 60124 = 55496. What is the greatest common divisor of 135 and u?
5
Let z(h) = 1 - 27 - h**2 - 2 + 0*h + 16*h. Let b be z(14). Let o be (b - 22)/(22/(-187)). What is the highest common divisor of 17 and o?
17
Suppose 23*u + 4845 + 514 = 0. Let z = u - -244. Calculate the greatest common divisor of z and 583.
11
Let i(c) = -c**3 + 21*c**2 - 26*c - 49. Let s be (-22)/(-12) + -2 - 654/(-36). Let p be i(s). What is the greatest common factor of p and 13?
13
Suppose 2*z - 4 = -0*z. Let y(g) = -6*g - 32. Let s be y(-10). Let r(m) = 4*m - 102. Let c be r(s). What is the greatest common divisor of z and c?
2
Let w(z) = -z - 6. Let p be w(-7). Suppose 506 = -6*s + 1946. Let k = 245 - s. What is the greatest common divisor of k and p?
1
Suppose -6*f + 5*f = -29. Let j(n) = n**3 + 9*n**2 - 13*n - 25. Let c be j(-10). Let v be (-16)/2 - (c + -158). What is the greatest common divisor of v and f?
29
Let h = -94 + 98. Suppose -f = h*l - 4, 0 = -3*l + 3*f + 13 + 5. Let p be 124/10 + l/(-5) + 0. Calculate the highest common divisor of 12 and p.
12
Let z be (-8)/(-1) + 0/(-8). Suppose 0 = -3*w + 2*g + 200, -g - 140 = -2*w + 2*g. Calculate the greatest common factor of z and w.
8
Suppose 1985 = 3*m - 5*x, 0 = 3*m + 29*x - 33*x - 1987. What is the highest common factor of 70 and m?
35
Let a = -40211 + 44127. Calculate the highest common divisor of 121 and a.
11
Suppose 0 = -17*g + 52*g - 2800. Calculate the greatest common divisor of 125 and g.
5
Let c = -14103 - -15057. Calculate the highest common divisor of c and 396.
18
Let h(x) = -15*x**3 - x**2 - x + 2. Let g be h(1). Let t = g - -41. Let n(r) = 66*r - 1. Let p be n(1). What is the highest common divisor of t and p?
13
Let o = -851 - -1387. Let y = o + -496. What is the highest common divisor of 32 and y?
8
Let t(p) = -4*p**3 + 4*p**2 + 3*p - 1. Let g be t(-1). Suppose -f + 3*z + 244 = 0, g*z = -2 - 6. What is the highest common factor of 56 and f?
14
Let c = 1674 - 1660. Calculate the greatest common divisor of 2086 and c.
14
Suppose 9*o = -131 + 149. Suppose 3*i + 2 - 11 = 0. Suppose -5*q - o*u + 20 = i*u, 5*u = -q - 12. Calculate the greatest common divisor of 40 and q.
8
Suppose -x - 376 = 7*x. Let z = x - -53. Calculate the greatest common divisor of z and 102.
6
Suppose 3*o = -2*a + 182, -28231*a = 5*o - 28234*a - 335. Let p(q) = 33*q**2 - q - 2. Let t be p(2). What is the greatest common factor of o and t?
64
Suppose -3*a + 9 = 3*x - 15, -3*a = -5*x. Suppose -s + 2*o + 51 = 6, 5*s = a*o + 225. Calculate the greatest common factor of 10 and s.
5
Let l be 37 - -3*1/(-3). Let i(v) = -15*v + 378. Let g be i(12). What is the greatest common factor of l and g?
18
Let v = 28 + -24. Let i be -2244*((-10)/v + 2). Suppose 11*t + i = 14*t. Calculate the highest common factor of 34 and t.
34
Let p be 38/6 - (-8)/(-24). Let n be (105/(-6) - 0) + p/12. Let w(y) = y**3 + 17*y**2 + 29. Let k be w(n). Calculate the greatest common divisor of k and 29.
29
Let j be 84/(-18)*(-3)/14*(1 + 1919). What is the greatest common divisor of 1680 and j?
240
Let d be (-70)/(-1800)*20*225. Let q be (-1*1)/(1/(-5)). Calculate the greate